6) + -1)*-15. Let n(x) = s*g(x) + 4*a(x). Determine n(6).
-19
Let a = 21 + -19. Let t(v) = 4*v**3 + 6796*v**2 + a*v - 6791*v**2 - 3*v**3 + 1. Give t(-5).
-9
Let j be (621 + -627)/((-4)/(-6)). Let k(o) = 0*o - 10*o**2 - 6 - o**3 - 9*o - 2*o + 2*o. What is k(j)?
-6
Let q(s) = 2*s**2 + 5*s - 3. Let n(w) = 13*w**2 - w - 3. Let a be n(-2). Suppose a = 4*j + 11. Let y(u) = -2*u + 16. Let p be y(j). What is q(p)?
9
Let g(r) = -4*r + 2. Let f be g(0). Let l(q) = q**2 + 3*q - 3. Let n(k) = k**2 + 3*k - 3. Let a(t) = 5*l(t) - 6*n(t). What is a(f)?
-7
Let b be (28/(-10))/((-595)/425). Let i(z) be the second derivative of -2*z**b + 10*z + 0 + 1/6*z**3 - 1/20*z**5 + 5/6*z**4. Calculate i(10).
6
Let u = -47 - -51. Suppose 0 = -27*p - u*p - 186. Let n(q) = -q**3 - 3*q**2 - 3*q - 4*q**2 - 2 - 3*q. What is n(p)?
-2
Let w = 20 + -15. Let j(p) = 5*p**2 - w + 3*p**3 - 2*p**3 + 2*p**2 - 5*p + 3*p. What is j(-7)?
9
Suppose 0 = 4*p - a - 360 - 377, -2*p + 5*a = -391. Let s = p + -171. Let r(v) = -v + 3. Calculate r(s).
-9
Let s(i) be the third derivative of i**4/12 + 11*i**3/6 + 95*i**2 - 27. Suppose 9 = -3*o, 4*o - 1 = -5*c - 68. Give s(c).
-11
Let h(q) = q. Suppose 4*b = 6*b - 48. Let x(l) = 24*l**3 + l + 2. Let j be x(-1). Let g = j + b. Determine h(g).
1
Let d(p) be the second derivative of p**4/4 - 2*p**3/3 - 2*p**2 - 28*p + 1. Let n(t) = -4*t**2 + 4*t + 5. Let r(i) = -3*d(i) - 2*n(i). Give r(3).
5
Let y(l) = l**2 - 9*l + 2. Suppose 0 = j + t - 12 - 5, j = 2*t + 8. Let g = 184 + -226. Let h be (j/g)/(1/(-36)*2). Give y(h).
-16
Suppose r = 24*r - 460. Let f(s) = -r*s + 30 - 6 + 18*s. What is f(11)?
2
Suppose 31 = 6*f - 125. Let h(i) = 14 - 6*i - f + 2*i. Give h(-5).
8
Suppose 13*u = 6*u + 14. Let b(a) = 1 - 2 + 2111*a - 2110*a. Calculate b(u).
1
Let c(a) = a**3 + 6*a**2 - 12*a - 10. Let p(z) = -2*z**3 - 11*z**2 + 22*z + 19. Let i(y) = -11*c(y) - 6*p(y). Let m be i(2). Let s(b) = 3*b - 3. What is s(m)?
9
Suppose -3*v = -66*x + 67*x + 19, 20 = 4*x. Let o(h) = h - 9. Give o(v).
-17
Suppose -348 = -5*i - 2*w, -5*i + 320 = -2*w - 12. Let u(l) = -l**3 - 127*l**2 + i*l**2 + 4 - 5 + 67*l**2. Give u(8).
-1
Let m(f) = 26*f**2 + 17*f + 23. Let u(t) = 14*t**2 + 8*t + 13. Let o(g) = -6*m(g) + 11*u(g). Give o(-7).
5
Let d(v) be the third derivative of -13*v**4/24 + 43*v**3/6 - 101*v**2 - 4*v. Give d(3).
4
Let c(z) = -z**3 - 11*z**2 - 10*z - 21. Let a = -1503 + 1493. Give c(a).
-21
Let q(d) = -d - d**3 + 22 + 8*d**2 - 20 - 4*d - 5*d. Suppose -33 = 3*f + 87. Let s = 47 + f. Determine q(s).
-19
Suppose -2*i + 48 = -2*m - m, 27 = -2*m + 3*i. Let r be -1 + 4 - m/(-6). Suppose 4*a = c + 2*a - 2, 4*c + 5*a - 34 = r. Let o(k) = k**2 - 6*k - 5. Give o(c).
-5
Suppose -3*c + 0*p + 18 = -p, 0 = -c - 3*p - 4. Let f(h) be the third derivative of -h**5/60 + 7*h**4/24 - 2*h**3/3 - 17*h**2 - 100. What is f(c)?
6
Let l(j) = 134*j + 1075. Let c be l(-8). Let x(k) = 3*k - 3*k + 5 - 5*k. Let s(p) = -16*p + 14. Let w(g) = c*s(g) - 8*x(g). Give w(2).
-14
Suppose 9 = 6*v - 3*v. Suppose 4*j + q = 31, v*j + 2*j - 47 = -4*q. Let o(x) = 3*x**2 - 2 + 6*x + x**3 - j*x**2 - x. Determine o(3).
4
Let u(b) = 5*b - 9. Let n be u(6). Suppose -g - n = l + 2*l, -5*l = 2*g + 37. Let t(d) = -d**3 - 6*d**2 + d. Determine t(g).
-6
Let k be (-9)/4 + (-102)/136. Let y be ((-4)/(-6))/((-25)/(-9) + k). Let w(b) = b**2 + 8*b + 4. Give w(y).
-11
Let u = 6897 - 6893. Let m(o) be the third derivative of 5/6*o**3 - 1/120*o**6 - 4*o**2 - 1/15*o**5 + 0 + 7/24*o**u + 0*o. Give m(-5).
-5
Suppose -449*p = -440*p - 45. Let m(r) = -2*r**3 - 6*r**2 + 3*r - 6. Let a(x) = x**3 + x + 1. Let f(q) = 3*a(q) + m(q). What is f(p)?
2
Let w(b) = -5*b - 2. Suppose 2*g = 5*j - 870, 4*j - 9*j + 5*g + 885 = 0. Let y = j - 170. What is w(y)?
-12
Let d(s) be the first derivative of 7*s**2/2 + 4*s + 1638. Give d(-7).
-45
Let b(p) be the first derivative of -p**4/2 - 19*p**3/3 - 5*p**2 - 7*p - 952. Determine b(-9).
2
Let k(f) = f**3 + 15*f**2 - 12*f - 4. Let c(d) = 2*d**3 + 32*d**2 - 24*d - 7. Let b(p) = 6*c(p) - 13*k(p). Give b(-5).
0
Let w(i) be the second derivative of -i**5/20 + i**4/12 - i**3/3 + 5*i**2/2 + 846*i. Give w(2).
-3
Let h = -166 - -168. Let s(j) = 2*j**2 + 3 - h*j - 2*j**2 + 4*j**2. What is s(3)?
33
Let g(v) = 2*v**2 + v. Let m = -76 + 42. Suppose 166*l = 162*l - 144. Let z = l - m. Give g(z).
6
Let i(m) = 8*m + 12. Let g(a) = -a - 1. Let c(t) = -12*g(t) - i(t). Let d be 0 + (1 - (-20)/(-16)*4 - -9). Give c(d).
20
Let d(i) = 65*i - 3. Let v(a) = -118*a + 7. Let j(s) = 11*d(s) + 6*v(s). Calculate j(2).
23
Suppose x - 5*x - 20 = -4*b, 0 = b + 4*x + 10. Suppose -14*i + b*i + 36 = 0. Let c(g) = 1 - 2*g - 7 + 2. What is c(i)?
-10
Let j(h) = -25*h + 666. Let u be ((-2)/((-20)/125) + 1)/((-74)/(-148)). Calculate j(u).
-9
Let m(f) = -397*f + 204*f + 174*f - 194. Determine m(-10).
-4
Let z(p) be the second derivative of 5*p**4/24 - p**3/3 - 73*p**2/2 - 167*p. Let b(q) be the first derivative of z(q). Determine b(4).
18
Suppose -4*x + 8 = 0, -o + x = -0*x + 3. Let d be (-18)/4 - 13/(-26) - o. Let a(h) = -h - h - 2*h + 0 - h**2 - 1. Give a(d).
2
Let j(i) = -i - 20. Let k be (24/9)/(16/24). Let t be (14 - 9)*(-14)/20*k. What is j(t)?
-6
Let h = -8 - -4. Let l(t) be the first derivative of 1/4*t**4 + 4/3*t**3 + 3/2*t**2 - t - 23. Give l(h).
-13
Let k(f) = 5*f - 8. Let j be k(2). Let h = j + 2. Suppose 3*i = x - 8, -x + h*i = -3*x - 4. Let p(c) = -2*c - 1. What is p(x)?
-5
Let o = 248 + -246. Let p = 19 + -16. Let i(z) = 4*z + p + 2*z - 8*z. Determine i(o).
-1
Suppose 4*b + 2*z + 10 = -8, -8 = 4*b + 4*z. Let g(r) be the first derivative of -r**2 + 7*r + 2. What is g(b)?
21
Let i(y) = -3*y - 68. Let j be i(-23). Let t(f) be the second derivative of -23*f**4/12 - f**3/6 + f**2/2 + 1207*f. Give t(j).
-23
Let y(u) = -u**3 + u**2 + u - 14. Suppose 2*d + b - 140 = 552, d - b = 349. Suppose -8*t + d = -245. Let h = t + -74. Give y(h).
-14
Let m(l) = -5*l**2 - 34*l - 5. Suppose -13*u = -22*u - 17*u - 182. What is m(u)?
-12
Let y(g) = -45*g + 11. Let v be y(-6). Suppose 3*p + v = -2*a - 2*a, 0 = a - 1. Let s = -98 - p. Let f(n) = n**2 - n - 1. What is f(s)?
11
Suppose 3 = 3*v - j + 1, 4*j + 8 = 3*v. Suppose v = -n - n - 6*n. Suppose n = 6*t - 2*t - 32. Let r(a) = -2*a + 11. Calculate r(t).
-5
Let t(x) be the first derivative of 70 - 2*x + 4/3*x**3 - 1/2*x**2. Calculate t(2).
12
Let z(u) = 2*u + 25. Let n(c) = -5*c + 90. Let m be n(17). Suppose 21 = -m*g - 44. What is z(g)?
-1
Suppose 2*q = -w - q + 89, 2*w = 3*q + 205. Let d = w - 99. Let z(l) = 7*l**3 - l**2 - 2*l - 1. Give z(d).
-7
Let s(p) be the first derivative of p**3/3 - 5*p**2/2 - 3*p - 1. Let q = -174 - -174. Suppose q = -53*h + 91 + 227. Give s(h).
3
Let a = 1641 - 1649. Let h(t) = 2*t + 4. Calculate h(a).
-12
Let i(f) = f**3 - 2*f**2 - 2*f - 4. Suppose -4*x - 27*t + 30*t = 3, 0 = x + 3*t - 18. Suppose -7*p + 5 = x*b - 9*p, -11 = -3*b - p. Calculate i(b).
-1
Let m be 9 + -50 - (1 + 0)*-2. Let f be (1/5 + m/(-105))*7. Let r(v) = f*v**2 + v**3 + 0*v + v**2 - 2*v - 2 + 7*v. What is r(-4)?
-6
Let q(k) = 5*k - 56. Let l be q(12). Let g be (-427)/(-2) + (-2)/l. Let d(u) = -212*u + 4 - g*u + 426*u. Give d(-4).
0
Let j(m) be the second derivative of 7*m**4/12 - 2*m**3/3 + m**2 + 713*m + 2. Give j(1).
5
Let f(o) = -o**3 - 12*o**2 + 8*o - 4. Let p(g) = 5*g**3 + 57*g**2 - 33*g + 17. Let r(x) = 9*f(x) + 2*p(x). Suppose -2*n - 25 = 3*n. Give r(n).
-7
Let h(y) = 10*y. Suppose 2*w + w + 30 = 0. Let i = w - -14. Suppose i*l = 7 - 3. Calculate h(l).
10
Let w(n) = -2*n + 10 - 7*n**2 + 459*n**3 - 236*n**3 - n - 6*n - 224*n**3. Determine w(-5).
5
Let o(s) = -74*s + 6 - s**3 + 2*s**2 - 7*s**2 + 36*s + 41*s. Let x(j) = j**2 - j**2 - 5 - 2*j**2 - 4*j + 7*j**2 - j**3. Let n be x(4). Calculate o(n).
-9
Suppose 4*c = -20, -2*s = -7*s - 2*c - 15. Let d(j) be the third derivative of 4*j**2 + 1/8*j**4 + 0 + 0*j + 0*j**3. What is d(s)?
-3
Suppose -39*x = -43*x + 48. Suppose -8*t + x*t = 20. Suppose -3*h + j + 15 = -0*j, h - j - t = 0. Let g(c) = c**2 - 4*c. Determine g(h).
5
Let k(a) = -a**3 - 7*a**2 + a - 1. Suppose -2*z = -5*n - 10, -7*n + 3*n = -5*z + 8. Suppose 3*h + h = z. Suppose 2*l + h + 14 = 0. Give k(l).
-8
Let p(t) be the second derivative of t**4/12 - 2*t**3/3 - 6*t**2 + 6171*t - 1. Calculate p(6).
0
Let n(b) 